(t).
7
Let g be 26/7 - 2/(-7). Let i(x) = -2*x + 2. Let u = -103 + 104. Let o(r) = -2*r + 9. Let f(j) = u*o(j) - 2*i(j). Give f(g).
13
Let w(p) = 26*p. Let r(g) = -2*g**2 - 7*g + 44. Let l be r(-7). Let j be 0/(4 - 0) + l/(-5). Calculate w(j).
26
Let v(b) = -4*b**3 + 7*b**2 + 8*b - 2. Let m(c) = 7*c**3 - 11*c**2 - 17*c + 1. Let g(l) = -3*m(l) - 5*v(l). Determine g(3).
-5
Let c(y) = y**2 - 11*y + 26. Let g(u) = 7*u**2 + 0 - 3*u - 4*u**2 + 1 - 11. Let w be g(-2). What is c(w)?
2
Let y(g) be the second derivative of -4*g**3/3 + 5*g**2/2 - 275*g + 1. What is y(0)?
5
Let c(a) be the third derivative of -5/24*a**4 - 1/6*a**3 + 1/60*a**5 - 3*a**2 - 6*a + 0. Give c(4).
-5
Let t(y) = 732*y - 10253. Let i be t(14). Let c(x) = 2*x**2 + 21*x - 6. Determine c(i).
-61
Let f(x) = 7*x. Let a(d) = -72*d**2 - 4*d - 1. Let u be a(-1). Let b = 70 + u. Give f(b).
7
Let j(b) = -4*b**3 + b**2 - 6*b - 2. Let s(i) = -3*i**3 + i**2 - 5*i - 6. Let x(c) = 4*j(c) - 5*s(c). Calculate x(0).
22
Let k(c) = -27*c. Suppose 1667 = -13*y + 1680. What is k(y)?
-27
Let j(t) be the third derivative of 7*t**4/24 - 2*t**3/3 - 3*t**2. Let y be j(1). Let w(v) = -70*v**y + 69*v**3 - 2 + 7*v**2 - v + 3. Give w(7).
-6
Suppose 0 = o + 6 - 9. Let d(b) = -21 + o + 2*b - 6*b + 0*b - b. Determine d(-4).
2
Let m be (-6)/(-4)*(-2 + 0). Let y(a) = 67*a**2 - a - 5. Let s(i) = 236*i**2 - i - 16. Let k(q) = 2*s(q) - 7*y(q). Calculate k(m).
15
Let v(h) = -h**3 - 5*h**2 - 5*h - 2. Let g(c) = -c + 47. Let b be (-20)/(-4)*(-1)/1 - -56. Let n be g(b). Calculate v(n).
2
Suppose 2*z - 6 = 5*o, z + 3*o = -3*z - 14. Let y(j) be the first derivative of 11*j**2/2 - 1015. Determine y(z).
-22
Let t(v) = 3*v**2 + 10*v + 31. Let y(x) = 2*x + 7. Let d(h) = 4*t(h) - 18*y(h). Calculate d(-2).
38
Let p(k) = -2*k - 161. Let y(v) = v + 74. Let j(t) = -6*p(t) - 13*y(t). Calculate j(-14).
18
Let a(b) = -171*b - 9 + 176*b - 15. Give a(5).
1
Let p(n) = -15*n**2 + 1. Let a be p(-1). Let x(m) be the third derivative of -m**6/120 - m**5/4 - 13*m**4/24 + 2*m**3 - 353*m**2 + 7*m - 1. Give x(a).
-2
Let p(j) = 8*j + j**2 - 5 + 2 + 0*j**2. Let w(s) = -54 + 4*s**2 - 13*s**2 - 2*s + 10*s**2 - 30*s - 59. Let z be w(35). Give p(z).
-3
Let f(b) = 2*b**3 - 179*b**2 - 95*b + 455. Let z be f(90). Let v(j) = 5 - 2*j - 2 + j**3 + 0*j - 4*j**2. What is v(z)?
18
Let x(k) = -k**2 + 42*k + 127. Let v be x(-3). Let r(a) = -a**3 - 6*a**2 + 11*a - 5. Give r(v).
35
Let r(c) = -4*c**3 + 1. Suppose 4*j = -j - u + 27, 4 = 2*u. Let d be 3*j/(-30)*(2 - 4). Determine r(d).
-3
Let i be -4*(85/(-20) - -4) - 4. Let c = i + 1. Let z(b) = b**3 + 2*b**2 - b - 1. Determine z(c).
1
Suppose 2*n = 3*k - 15, 5*k - 1 = 4*k. Let j(p) = 13*p**3 + 5*p**2 - 5*p - 10. Let z(f) = 2*f**3 - 1. Let t(g) = n*z(g) + j(g). Calculate t(-5).
21
Suppose -213*c = -231*c + 306. Let i(s) = -2*s**2 + 38*s - 55. Give i(c).
13
Let h(t) = -3*t + 26. Let c(v) = v**3 + 8*v**2 - 3*v - 66. Let f be c(-7). Calculate h(f).
14
Let f(x) = 3. Let k(h) = 5*h - 46. Let o(w) = 2*f(w) - k(w). Calculate o(13).
-13
Let i(b) = 10*b + 37*b + 23*b - 66*b + 27*b - 145. Calculate i(5).
10
Let t(n) = -n**2 - 4*n - 3. Let i(j) = 52*j. Let l be i(-1). Let m be (6/(-27) - l/(-9))*-1. Suppose 0 = -w - m + 2. Give t(w).
-3
Suppose 529 = 55*x + 144. Let f(y) = 8*y**2 - 56*y - 1. What is f(x)?
-1
Let h(m) = m**3 - m + 5. Let q(a) = -a. Suppose 2*o + 6 = 5*o. Suppose 11*c + 9 = o*c. Let t(y) = c*h(y) + 2*q(y). What is t(0)?
-5
Let j(a) = -2 + 56*a - 6 + 56*a - 22 - 114*a. Give j(-5).
-20
Let b(u) = -u**3 - 11*u**2 - 10*u + 4. Let z be (-8)/(280/21) + (-904)/10. Let r = 89 + z. Let y be 1 - -33*r/6. Give b(y).
4
Suppose 32 = -44*t + 52*t. Let g(h) = -5*h**2 + 6*h. Give g(t).
-56
Let q(n) = -n**3 - 15*n**2 + n + 3. Suppose -14 - 48 = -5*i - 2*h, 3*h = 3. Suppose 0 = 21*o - i*o + 135. What is q(o)?
-12
Suppose -376 = 32*l - 1160 + 624. Let b(j) be the third derivative of 0*j**l - 1/60*j**6 + 1/12*j**4 - 47*j**2 + 0 - 1/6*j**3 + 0*j. What is b(2)?
-13
Let r(h) = 16*h - 183. Let k(l) = -15*l + 147. Let s(f) = 6*k(f) + 5*r(f). What is s(-2)?
-13
Let d = -5443 - -5452. Let a(w) = 2*w**2 - 6*w + 4. Calculate a(d).
112
Let k(b) be the third derivative of -b**6/120 + b**5/10 + b**4/4 - 2*b**3/3 + 16*b**2. Let w = 367 + -360. Calculate k(w).
-11
Let d = -7 + 14. Let a = 4 - d. Let v(x) be the third derivative of -x**4/6 - x**3/2 - x**2 - 3*x. What is v(a)?
9
Let p(c) = 5*c + 55. Let w = 50 - 50. Let x be p(w). Let k = -52 + x. Let b(m) = m**3 - 3*m**2 - m - 3. Determine b(k).
-6
Let v(q) = 6*q - q**2 + q**2 + 6*q**2 - 2 - q**3 - 2*q**2. Let x = -129 - -130. Let n be -3 - (-12)/(3/6 + x). What is v(n)?
3
Let k(d) be the second derivative of 260*d + 0 + 0*d**2 - 1/3*d**3. Determine k(6).
-12
Let q = -698 + 705. Suppose 0 = g + 2*p - 3, -4*p = -q*p + 12. Let k(c) = -c**3 - 3*c**2 + 4*c + 7. Calculate k(g).
37
Let m(d) = 2*d**2 + d - 1. Let z(r) = -2*r**2 - 12*r - 12. Let v(g) = -2*m(g) - z(g). Determine v(6).
2
Let g(k) = -k + 1. Suppose 70 - 53 = -17*u. Let i(y) = -5*y + 3. Let o(v) = 5*v - 3. Let p(m) = 4*i(m) + 5*o(m). Let q(r) = u*p(r) - 6*g(r). Determine q(4).
1
Let r(n) be the third derivative of -1/2*n**3 - 1/30*n**5 - n**2 + 1/8*n**4 + 0*n + 0. Suppose x - 5*x - 4*y = -4, -14 = -4*x + y. What is r(x)?
-12
Let x(i) = i**2 - 11*i - 35. Let r be x(-4). Suppose -r*d + 68 + 32 = 0. Let m(v) = v - 9. What is m(d)?
-5
Let a(d) = -d + 1. Let b(z) be the third derivative of -z**4/24 - 7*z**3/6 + 2*z**2 - 27*z. Let m(i) = -2*a(i) + b(i). Give m(10).
1
Let b be (((-210)/18)/7)/(70*22/3696). Let w(v) be the third derivative of -v**5/60 - v**4/8 - 5*v**3/6 + v**2. Give w(b).
-9
Suppose -66 = -2*c - 3*y, -c + 4*y + 94 = c. Let d(u) = -17 - 21 + c + 9*u. Suppose -3*a + 30*a = 27. Give d(a).
10
Let q(u) = -2*u**2 + 8*u + 2. Let r(t) = 2*t**2 - 9*t. Let s(k) = -3*q(k) - 2*r(k). What is s(-1)?
2
Suppose 5*c = -4*n - 44, 3*n - 445 = c - 421. Let u(t) = 15*t + 171. Give u(c).
-9
Let f = -6 - -15. Let g(x) be the first derivative of 7 - 10*x + 3*x + f*x - 2*x**2. What is g(-2)?
10
Let a(b) = -b**3 - 7*b**2 - b + 6. Suppose 7*z - 22 = 13. Suppose z*o = 2*q - 4*q - 2, -3*q = -4*o + 26. Calculate a(q).
-24
Let p(w) = -w**3 + 2*w**2 - 2*w - 3. Let m = -3179 - -3182. Calculate p(m).
-18
Suppose 20 = 18*l - 34. Let c(k) = k + 1. Let z be c(5). Let d(i) = -l - 9*i + 4*i + z - i. Determine d(4).
-21
Let l(m) = -4*m - 13. Suppose -6*u - 35 = -5. Let w(q) = 3*q + 7. Let c(t) = u*w(t) - 3*l(t). Determine c(5).
-11
Let t(h) = -18*h**2 + 8*h + 393. Let a(f) = 11*f**2 - 5*f - 236. Let v(r) = -13*a(r) - 8*t(r). What is v(-9)?
-4
Let c(u) = -7*u - 738 + 135 + u**2 + 601. Let s = 0 - -2. Let j be 7 + (1 - s) + 2. Calculate c(j).
6
Let t = 53 + -42. Let r(s) = -2*s + 7*s**2 - s**3 - s**2 + s**2 + 10*s - t. What is r(8)?
-11
Let m = -162 - -164. Let q(o) = m*o + 0*o + 5 - o - 3*o - 4*o. What is q(4)?
-19
Let y(w) = -3. Let d(z) = z + 11. Let a(t) = d(t) - 5*y(t). Determine a(-5).
21
Let l = -28186 + 28180. Let m be 2 - (1 + 1 + -2). Let h(d) = 0*d**3 + 5 + 3*d**m + d**3 + 3*d**2. Determine h(l).
5
Let l = 48 + -47. Let h be (l/(-2)*5)/(10/(-24)). Let f be h - 12/(2 - -2). Let a(k) = k**2 - 1. Calculate a(f).
8
Suppose -13*l - 14616 = -14668. Let z(b) = b**2 + 11*b - 40. Calculate z(l).
20
Let k(y) = 0 + 1 - 514*y - 8 + 515*y. Let f be ((-5)/(-2) + -1)*2. Suppose -4*l = x - 27 - 4, -f*x = 3. Determine k(l).
1
Let b(n) = n**2 + 2*n - 3. Let k be 0 - (96 - (5 - 4)). Let i = -92 - k. Suppose 101 = -i*z + 89. Calculate b(z).
5
Let n(o) be the second derivative of 0 + 5*o + 23/6*o**3 + 0*o**2 - 7/24*o**4 - 1/120*o**5. Let x(d) be the second derivative of n(d). Give x(-5).
-2
Let i(k) be the third derivative of k**4/4 + k**3/6 - 2*k**2. Let d(j) = 2*j**2 + 9*j + 6. Let h be d(-4). Suppose 0 = -44*o + 46*o + h. Determine i(o).
-5
Suppose 4039 = 18*u - 317. Let i = 242 - u. Let l(v) be the first derivative of v**2/2 + 16*v - 3. Give l(i).
16
Let g(k) = -2*k**2 + k. Suppose -308*x + 36 = -317*x. Determine g(x).
-36
Let f(u) = -8*u**2 - u - 8. Suppose 155*i + 1101 = -212*i. Calculate f(i).
-77
Let d(h) = -14928 + 6*h + 0*h + 14938. Give d(-4).
-14
Let v(p) = p**2 - 33*p + 269. Let q be (32/10 - 2)/((369/120)/41). What is v(q)?
-3
Let j be 217/186 - (68/(-24) - 7). Let 